s of p(4).
59
Let m(q) = 50*q**2 - 25*q + 4. Let k be m(-3). Suppose f - k = -3*u, -4*f + 323 = -2*u - 1765. List the prime factors of f.
523
Let b(i) = -2*i + 45. Let m be b(19). Suppose -m*q = -q - 180. List the prime factors of 1623/q + (-1)/10.
2, 3
Let c be (-33)/55 - (-212)/20. What are the prime factors of (-143)/(-2) - (c + 285/(-30))?
71
Let f = 1429 - 467. Suppose -f - 58 = -5*t. What are the prime factors of t?
2, 3, 17
Suppose 32*h = 10*h + 34474. What are the prime factors of h?
1567
Suppose -16*j + 7722 = -7*j. Suppose -5*c = -10, 3*c - 2628 + j = -3*t. List the prime factors of t.
2, 3, 7
Let j(q) = -q**2 + 13*q + 14. Let h be j(14). Let m be (-4 - -3)*-297 - h. Suppose 0 = 3*c - l - 305, l - 4*l - m = -3*c. List the prime factors of c.
103
Suppose l - 5 = 0, 0 = 2*p - 3*l - 2*l + 51. Let q be (p/(-4))/(18/144). Let o = 36 + q. What are the prime factors of o?
2, 31
Let y(f) = f**2 - f + 4. Let d be y(0). Let i be (-438)/4*d/(-6). Let j = i - 10. What are the prime factors of j?
3, 7
What are the prime factors of (-17)/((-238)/130452)*(-1 - 1)/(-2)?
2, 3, 1553
Suppose -160*u + 2*l - 61065 = -165*u, -5*u + 3*l + 61040 = 0. What are the prime factors of u?
12211
Suppose 3*o - 271 = 50. Suppose -o*i + 3036 = -103*i. List the prime factors of i.
3, 11, 23
Let l(g) = -6*g + 5. Suppose 0 = -4*a + 2*n - 24, 3*n - 6 = 6*n. Let w(b) = 12*b - 10. Let s(f) = a*l(f) - 4*w(f). What are the prime factors of s(-2)?
17
Let p = 252 + -188. Let j = 4 - 1. Suppose j*l = 5*l - 10, -p = -t + l. What are the prime factors of t?
3, 23
Suppose -4*v + 3*b + 7 + 15 = 0, -4*v + 6 = 5*b. Suppose 4*f + 412 = v*w - 644, w - 3*f - 270 = 0. What are the prime factors of w?
3, 29
Let t(v) be the second derivative of v**5/20 - 5*v**4/3 + 13*v**3/6 - 24*v**2 + v - 2. What are the prime factors of t(20)?
2, 53
What are the prime factors of (817/(-43))/((-6)/3564)?
2, 3, 11, 19
Suppose -11*n = 4*n - 8040. Suppose 3*x - n = -k, -3*k + x = -3*x - 1543. What are the prime factors of k?
521
Let a be 58/8*1 - 21/84. Suppose 0 = a*v + 21 - 105. What are the prime factors of 2*((-418)/(-18) - v/54)?
2, 23
Let m(h) = 531*h**2 - 120*h - 475. What are the prime factors of m(-4)?
8501
Let c be 27/24 + (-5)/40 + 10. Suppose 0 = -a - c + 59. Suppose o - a = -3*k + 108, o - 2*k = 136. What are the prime factors of o?
2, 3
Let k = 26663 + -10705. List the prime factors of k.
2, 79, 101
Let m(a) = 4*a**3 - 3*a**2 + 1. Let z be m(-1). Let b = z - -897. List the prime factors of b.
3, 11
Let r(s) = s**3 - 12*s**2 + 21*s - 100. What are the prime factors of r(23)?
2, 7, 443
Let f = -24746 - -43357. What are the prime factors of f?
37, 503
Suppose g = -g - s + 10758, -3*g + 16138 = s. What are the prime factors of g?
2, 5, 269
Let u(v) = 235*v - 2780. What are the prime factors of u(125)?
3, 5, 197
Let j(u) = 51*u**2 - 7*u - 13. Let y be j(-5). Let o = 1820 - y. What are the prime factors of o?
523
Suppose -8*u + 180431 = 5*z + 18029, -4*z + 101503 = 5*u. What are the prime factors of u?
53, 383
Let b = 1060 + -1635. Let a = 577 + b. What are the prime factors of a?
2
Suppose 4*y + 40*y - 452496 = 0. List the prime factors of y.
2, 3, 857
Let a = 19303 + 706. What are the prime factors of a?
11, 17, 107
Suppose 5*d = -5*s + 81760, 0 = 8*s - s + 4*d - 114455. What are the prime factors of s?
16349
Let z = 61 - 61. Suppose 0*p - 3*p + 15 = 3*s, 4*p - 3*s - 20 = z. Suppose -4*h + 5*y = -219, 0 = p*h - y + 2*y - 252. What are the prime factors of h?
3, 17
Suppose 868 = 38*u + 298. Suppose 300 = 3*i - u. List the prime factors of i.
3, 5, 7
Suppose -15633 = 19*l - 26454 - 94686. List the prime factors of l.
3, 617
Suppose 386*x + 6*l + 41399 = 387*x, l = 4*x - 165412. What are the prime factors of x?
41351
Let n = 265 + -475. Let f(k) = 48*k + 44. Let w be f(-4). Let s = w - n. List the prime factors of s.
2, 31
Suppose -42*u + 48*u = -3342. Let f = -334 - u. What are the prime factors of f?
223
Suppose 3*t = 192 + 825. Let n = t - 161. Suppose -7*b = n - 570. List the prime factors of b.
2, 7
Let o = -196 + 185. What are the prime factors of (((-249)/1)/3)/(1/o)?
11, 83
Let r(n) = 13*n - 43. Let u = 18 - -18. Suppose 2*o + i - 26 = 0, 5*i = -o + u - 5. What are the prime factors of r(o)?
2, 5
Let a be (-6)/(-15) + 318/30. Suppose 2*t - a + 7 = 0. Suppose t*w + 5*w - 1246 = 0. What are the prime factors of w?
2, 89
Suppose 9*p + 6*p = -2*p + 39848. List the prime factors of p.
2, 293
Let n(o) = 53*o - 5. Let v be (-1 + (-2 - -4))*1. Let d(z) = z - 1. Let h(j) = v*n(j) - 4*d(j). What are the prime factors of h(1)?
2, 3
Let x(b) = 6*b**2 - 20*b + 15. Let v be x(4). Suppose -n = -28*q + v*q - 2128, -2854 = -4*q + 2*n. What are the prime factors of q?
3, 79
Suppose -3*h - 4 = 4*t - 8*h, -5*h = t - 24. Suppose -960 = -t*o + 4*x, 4*o + o - 1185 = 2*x. Suppose -4*j = -o + 67. List the prime factors of j.
2, 3, 7
Suppose -17 = -l - 3*f, 3*l - 13*f = -11*f + 7. Suppose -3*v - 5*y = -8, l*v = -5*y + 32 - 2. List the prime factors of v.
11
Let h(r) = r**3 - 2*r**2 + 4. Let p be h(0). What are the prime factors of 4832/16*2/p?
151
Let y(a) = 34*a - 22. Let t(k) = 17*k - 11. Let r = 85 + -94. Let p(n) = r*t(n) + 4*y(n). List the prime factors of p(-5).
2, 3
Let u = 82 + -81. Suppose -15*y = u + 14. Let b(z) = -113*z - 8. List the prime factors of b(y).
3, 5, 7
Let u = 39969 - 9443. What are the prime factors of u?
2, 15263
Let o be 3 + 1/(-3) + (-7)/(-3). Let x be 5 + -3 - o - -823. Suppose 4*z - t - 844 = 0, 2*t + 3*t = -4*z + x. List the prime factors of z.
2, 3, 5, 7
Let v be (-12)/(-4) - (-1 + -17). Suppose 3*y = 3*q + 45, 0*y - q + v = y. Let k = y + -1. What are the prime factors of k?
17
Suppose 4*f - 21720 = j, -f - 89*j = -93*j - 5430. What are the prime factors of f?
2, 3, 5, 181
Suppose -1087555 = -132*j + 1391495 - 952338. What are the prime factors of j?
2, 5783
Let j be (-6)/(84/35)*12/10. What are the prime factors of 0/(-2 - j) - -283?
283
Let v(g) = -16 + g - 23 - 25 + 9*g**2 + 8*g + 15. List the prime factors of v(-7).
7, 47
Suppose 26*m - 4056 = -c + 30*m, 0 = 3*c + m - 12168. List the prime factors of c.
2, 3, 13
Suppose f - 12506 = -2*z - 3*z, -5*f + 62606 = 6*z. What are the prime factors of f?
2, 6263
Suppose 50 - 57 = 7*f. List the prime factors of -9 + (2 - f - -1) - -488.
3, 7, 23
Let y be 32/20 + (-6)/(-15) + 0. List the prime factors of 34/(-4)*y*(-108 - -88).
2, 5, 17
Let f(m) be the first derivative of m**3 - 21*m**2/2 + 16*m - 23. Let l be f(12). List the prime factors of (18/(-4))/((-7)/l).
2, 3, 7
Suppose 0 = -3*u - 3*z + 180, -3*u + 44 + 132 = 5*z. Let b = u + -41. List the prime factors of b.
3, 7
Let s = 752 + -759. What are the prime factors of (-14000)/(-25) + s + 0?
7, 79
Let h be ((-92)/6)/((-2)/6). Suppose 953*q + 112 = 969*q. Suppose -4*c = -b + h, -4*c - 165 = -4*b + q. List the prime factors of b.
2, 3, 7
Let j = -20114 - -39337. List the prime factors of j.
47, 409
Let a = -211 + -48. Let j = 87 - a. What are the prime factors of j?
2, 173
Let m(q) = 24*q + 15. Let i(d) = 12*d + 8. Let t(w) = -5*i(w) + 2*m(w). Let j(s) = s + 1. Let n(p) = 22*j(p) + 2*t(p). List the prime factors of n(-8).
2, 3
Suppose -58*f = -290249 - 89999. What are the prime factors of f?
2, 11, 149
Suppose -110*k + 138495 = -1042355. What are the prime factors of k?
5, 19, 113
Let h = -109 + 65. Let x = -40 - h. What are the prime factors of x - (-1 + (-124 - -4))?
5
Let g = 4523 - 361. List the prime factors of g.
2, 2081
Let o = 38662 + -4653. What are the prime factors of o?
71, 479
List the prime factors of (-647702)/(-22) - (12 - -1).
2, 7, 1051
Suppose -12*z = -17*z - 3*o + 7, -5*z - 5*o + 5 = 0. Suppose -2*q + 0*q + 94 = z*h, 141 = 3*h + 5*q. List the prime factors of h.
47
Suppose 141*t = 791333 + 26608. What are the prime factors of t?
5801
Suppose -7*n = -3*n + 3*w - 12, -2*n = 2*w - 4. Suppose 13*r - 2534 = n*r. List the prime factors of r.
2, 181
Let c(r) be the first derivative of 2*r**3/3 - r**2 - 19*r + 2. What are the prime factors of c(10)?
7, 23
Let i(r) = 41*r**2 - 93*r - 4368. List the prime factors of i(-34).
2, 5, 31, 149
Let u = 73948 - 48183. What are the prime factors of u?
5, 5153
List the prime factors of (-6)/4 - (8/(96/(-237978)) - 7).
83, 239
Let n be (